3, 13, 19, 23, 37
List the prime factors of 59971.
59971
What are the prime factors of 14844990?
2, 3, 5, 59, 8387
What are the prime factors of 1740894?
2, 3, 19, 15271
What are the prime factors of 99490?
2, 5, 9949
List the prime factors of 2415175.
5, 7, 37, 373
List the prime factors of 10482319.
17, 19, 23, 83
List the prime factors of 503441.
503441
List the prime factors of 320108.
2, 79, 1013
What are the prime factors of 236206?
2, 89, 1327
List the prime factors of 1801314.
2, 3, 19, 23, 229
What are the prime factors of 169401?
3, 56467
What are the prime factors of 1564442?
2, 11, 17, 47, 89
List the prime factors of 8509172.
2, 7, 23, 73, 181
What are the prime factors of 3481336?
2, 277, 1571
List the prime factors of 412219.
412219
List the prime factors of 4510237.
647, 6971
What are the prime factors of 195757?
19, 10303
List the prime factors of 8243797.
277, 29761
What are the prime factors of 680491?
7, 97213
List the prime factors of 1611731.
11, 146521
What are the prime factors of 116634?
2, 3, 7, 2777
What are the prime factors of 420261?
3, 19, 73, 101
List the prime factors of 8412.
2, 3, 701
What are the prime factors of 1523805?
3, 5, 29, 31, 113
List the prime factors of 26624078.
2, 13, 907, 1129
List the prime factors of 3324083.
7, 79, 6011
What are the prime factors of 271711?
11, 17, 1453
What are the prime factors of 13675677?
3, 43, 106013
What are the prime factors of 4668318?
2, 3, 167, 1553
What are the prime factors of 7962256?
2, 17, 73, 401
What are the prime factors of 326725?
5, 7, 1867
What are the prime factors of 354439?
354439
List the prime factors of 793863.
3, 7, 12601
What are the prime factors of 265942?
2, 132971
List the prime factors of 107310.
2, 3, 5, 7, 73
List the prime factors of 2489606.
2, 7, 79, 2251
What are the prime factors of 2091019?
7, 59, 61, 83
What are the prime factors of 1269755?
5, 253951
List the prime factors of 26846397.
3, 110479
List the prime factors of 529027.
529027
List the prime factors of 177287.
11, 71, 227
What are the prime factors of 4997249?
1249, 4001
What are the prime factors of 349301?
23, 15187
What are the prime factors of 224410?
2, 5, 22441
What are the prime factors of 3051719?
11, 277429
What are the prime factors of 385537?
385537
What are the prime factors of 8700793?
8700793
What are the prime factors of 10223841?
3, 3407947
List the prime factors of 414154.
2, 13, 17, 937
What are the prime factors of 35682650?
2, 5, 713653
List the prime factors of 171380.
2, 5, 11, 19, 41
List the prime factors of 31726116.
2, 3, 29, 30389
List the prime factors of 193694.
2, 96847
What are the prime factors of 4828464?
2, 3, 11177
List the prime factors of 29524422.
2, 3, 4920737
What are the prime factors of 246958?
2, 123479
List the prime factors of 579132.
2, 3, 16087
What are the prime factors of 1929136?
2, 11, 97, 113
List the prime factors of 468248.
2, 11, 17, 313
List the prime factors of 241713.
3, 107, 251
List the prime factors of 656424.
2, 3, 1013
What are the prime factors of 34358?
2, 41, 419
List the prime factors of 868318.
2, 11, 29, 1361
List the prime factors of 13593.
3, 23, 197
List the prime factors of 18895694.
2, 59, 79, 2027
List the prime factors of 209064.
2, 3, 31, 281
List the prime factors of 1519131.
3, 139, 3643
List the prime factors of 9544.
2, 1193
List the prime factors of 5417904.
2, 3, 41, 2753
List the prime factors of 242801.
13, 19, 983
What are the prime factors of 3609760?
2, 5, 7, 11, 293
What are the prime factors of 16544160?
2, 3, 5, 11489
List the prime factors of 1073691.
3, 119299
List the prime factors of 959210.
2, 5, 7, 71, 193
What are the prime factors of 1974290?
2, 5, 19, 10391
List the prime factors of 116271.
3, 12919
What are the prime factors of 200572?
2, 41, 1223
What are the prime factors of 2734390?
2, 5, 271, 1009
What are the prime factors of 1863901?
13, 41, 269
List the prime factors of 2550665.
5, 13, 39241
What are the prime factors of 109249?
7, 15607
What are the prime factors of 9776980?
2, 5, 179, 2731
List the prime factors of 3854632.
2, 137, 3517
What are the prime factors of 1243733?
227, 5479
List the prime factors of 16821535.
5, 47, 1523
What are the prime factors of 698507?
698507
List the prime factors of 47048.
2, 5881
What are the prime factors of 466012?
2, 113, 1031
What are the prime factors of 97298?
2, 48649
List the prime factors of 42624.
2, 3, 37
What are the prime factors of 510343?
73, 6991
List the prime factors of 1311631.
41, 31991
List the prime factors of 1899000.
2, 3, 5, 211
List the prime factors of 1739855.
5, 13, 29, 71
What are the prime factors of 461828?
2, 263, 439
What are the prime factors of 314556?
2, 3, 11, 2383
What are the prime factors of 318911?
318911
List the prime factors of 2382024.
2, 3, 99251
What are the prime factors of 3756284?
2, 7, 134153
What are the prime factors of 766216?
2, 11, 8707
What are the prime factors of 9451077?
3, 1277, 2467
List the prime factors of 19136394.
2, 3, 271, 3923
List the prime factors of 257333.
277, 929
List the prime factors of 307854.
2, 3, 5701
List the prime factors of 1620269.
7, 211, 1097
What are the prime factors of 6612339?
3, 23, 61, 1571
What are the prime factors of 1743490?
2, 5, 7, 24907
What are the prime factors of 99542?
2, 71, 701
List the prime factors of 2106988.
2, 13, 40519
List the prime factors of 56908.
2, 41, 347
What are the prime factors of 322344?
2, 3, 11, 37
List the prime factors of 1001634.
2, 3, 139, 1201
What are the prime factors of 718801?
718801
What are the prime factors of 202380?
2, 3, 5, 3373
List the prime factors of 4935796.
2, 1233949
What are the prime factors of 388492?
2, 13, 31, 241
List the prime factors of 783623.
37, 21179
What are the prime factors of 661344?
2, 3, 83
List the prime factors of 2147794.
2, 11, 233, 419
List the prime factors of 340474.
2, 37, 43, 107
What are the prime factors of 5237?
5237
What are the prime factors of 6955521?
3, 2318507
What are the prime factors of 13952606?
2, 367, 19009
What are the prime factors of 58537?
58537
List the prime factors of 208382.
2, 31, 3361
What are the prime factors of 8988684?
2, 3, 223, 3359
What are the prime factors of 197191?
31, 6361
What are the prime factors of 5556077?
5556077
List the prime factors of 475753.
475753
List the prime factors of 1959021.
3, 41, 5309
What are the prime factors of 919734?
2, 3, 17, 71, 127
What are the prime factors of 206750?
2, 5, 827
What are the prime factors of 4315171?
7, 29, 733
List the prime factors of 198901.
198901
What are the prime factors of 1775174?
2, 17, 109, 479
What are the prime factors of 220541?
17, 12973
What are the prime factors of 532540?
2, 5, 26627
List the prime factors of 3191311.
487, 6553
What are the prime factors of 26229864?
2, 3, 1092911
What are the prime factors of 62916?
2, 3, 7, 107
List the prime factors of 197694.
2, 3, 7, 523
What are the prime factors of 149698?
2, 29, 89
What are the prime factors of 8814877?
41, 163, 1319
What are the prime factors of 4132180?
2, 5, 13, 23, 691
What are the prime factors of 441150?
2, 3, 5, 17, 173
What are the prime factors of 1054530?
2, 3, 5, 11717
List the prime factors of 176497.
176497
What are the prime factors of 221575?
5, 8863
List the prime factors of 31886025.
3, 5, 425147
List the prime factors of 2663411.
1049, 2539
List the prime factors of 5961517.
31, 192307
List the prime factors of 2160130.
2, 5, 7, 30859
What are the prime factors of 295083?
3, 3643
List the prime factors of 18820999.
31, 607129
What are the prime factors of 49066?
2, 24533
What are the prime factors of 15759114?
2, 3, 7, 37, 10141
What are the prime factors of 7920458?
2, 7, 13, 6217
List the prime factors of 135388.
2, 11, 17, 181
What are the prime factors of 262989?
3, 29221
What are the prime factors of 321552?
2, 3, 7, 11, 29
What are the prime factors of 768951?
3, 85439
What are the prime factors of 307710?
2, 3, 5, 13, 263
What are the prime factors of 154845?
3, 5, 31, 37
List the prime factors of 285689.
109, 2621
What are the prime factors of 1189240?
2, 5, 13, 2287
List the prime factors of 9104503.
17, 127, 4217
What are the prime factors of 383953?
197, 1949
What